he remainder when 6538 is divided by 117.
103
What is the remainder when 5195 is divided by 877?
810
What is the remainder when 113781 is divided by 24?
21
Calculate the remainder when 86846 is divided by 50.
46
Calculate the remainder when 28809 is divided by 127.
107
Calculate the remainder when 37942 is divided by 1196.
866
Calculate the remainder when 6022 is divided by 53.
33
Calculate the remainder when 861921 is divided by 430960.
1
What is the remainder when 22581 is divided by 7471?
168
What is the remainder when 18096 is divided by 26?
0
What is the remainder when 63533 is divided by 5?
3
Calculate the remainder when 139974 is divided by 8233.
13
Calculate the remainder when 9062 is divided by 130.
92
What is the remainder when 3065148 is divided by 17?
14
What is the remainder when 204135 is divided by 2062?
2059
Calculate the remainder when 21922 is divided by 2385.
457
Calculate the remainder when 1285657 is divided by 23.
3
What is the remainder when 3454736 is divided by 23?
21
Calculate the remainder when 82467 is divided by 389.
388
What is the remainder when 1623177 is divided by 64927?
2
What is the remainder when 72094 is divided by 5146?
50
What is the remainder when 21827 is divided by 111?
71
Calculate the remainder when 178 is divided by 169.
9
Calculate the remainder when 257575 is divided by 18.
13
Calculate the remainder when 718171 is divided by 28.
27
Calculate the remainder when 133702 is divided by 143.
140
What is the remainder when 18905 is divided by 609?
26
What is the remainder when 23278 is divided by 57?
22
What is the remainder when 8187 is divided by 19?
17
What is the remainder when 39079 is divided by 18?
1
Calculate the remainder when 25637 is divided by 12812.
13
What is the remainder when 89366 is divided by 29788?
2
What is the remainder when 2600 is divided by 846?
62
What is the remainder when 15893 is divided by 722?
9
Calculate the remainder when 117028 is divided by 15.
13
Calculate the remainder when 11129 is divided by 115.
89
Calculate the remainder when 38730 is divided by 61.
56
Calculate the remainder when 18829 is divided by 61.
41
Calculate the remainder when 19257 is divided by 524.
393
What is the remainder when 14268 is divided by 3561?
24
Calculate the remainder when 52129 is divided by 133.
126
Calculate the remainder when 114754 is divided by 57357.
40
Calculate the remainder when 9687 is divided by 512.
471
Calculate the remainder when 636 is divided by 20.
16
What is the remainder when 113901 is divided by 339?
336
What is the remainder when 39502 is divided by 9870?
22
Calculate the remainder when 19618 is divided by 6539.
1
What is the remainder when 3101 is divided by 572?
241
Calculate the remainder when 98734 is divided by 155.
154
What is the remainder when 7729 is divided by 13?
7
Calculate the remainder when 37783 is divided by 1883.
123
Calculate the remainder when 200225 is divided by 1326.
1325
Calculate the remainder when 20111 is divided by 732.
347
What is the remainder when 50892 is divided by 9?
6
What is the remainder when 8479 is divided by 2?
1
What is the remainder when 593516 is divided by 84786?
14
Calculate the remainder when 4802 is divided by 387.
158
What is the remainder when 807 is divided by 758?
49
What is the remainder when 51401 is divided by 146?
9
Calculate the remainder when 1423655 is divided by 13.
12
What is the remainder when 45599 is divided by 96?
95
What is the remainder when 934 is divided by 156?
154
What is the remainder when 1251 is divided by 186?
135
What is the remainder when 54144 is divided by 883?
281
What is the remainder when 15120 is divided by 273?
105
Calculate the remainder when 27833 is divided by 6.
5
What is the remainder when 4878 is divided by 75?
3
What is the remainder when 36471 is divided by 194?
193
Calculate the remainder when 2776 is divided by 2762.
14
Calculate the remainder when 6624 is divided by 467.
86
Calculate the remainder when 11866 is divided by 248.
210
Calculate the remainder when 541548 is divided by 748.
744
What is the remainder when 11034 is divided by 30?
24
What is the remainder when 109723 is divided by 83?
80
What is the remainder when 4615 is divided by 137?
94
What is the remainder when 55710 is divided by 27842?
26
What is the remainder when 19718 is divided by 2813?
27
What is the remainder when 41170 is divided by 75?
70
What is the remainder when 6990 is divided by 101?
21
Calculate the remainder when 6321 is divided by 113.
106
What is the remainder when 2786 is divided by 2428?
358
What is the remainder when 554897 is divided by 184961?
14
What is the remainder when 4217 is divided by 507?
161
What is the remainder when 4507 is divided by 390?
217
What is the remainder when 4133 is divided by 25?
8
What is the remainder when 6827 is divided by 974?
9
What is the remainder when 8349 is divided by 1191?
12
What is the remainder when 3641 is divided by 1084?
389
What is the remainder when 128552 is divided by 258?
68
Calculate the remainder when 2526 is divided by 232.
206
Calculate the remainder when 842311 is divided by 9359.
1
What is the remainder when 431564 is divided by 648?
644
Calculate the remainder when 29010 is divided by 72.
66
What is the remainder when 135686 is divided by 37?
7
Calculate the remainder when 18772 is divided by 93.
79
What is the remainder when 29189 is divided by 111?
107
Calculate the remainder when 11896 is divided by 3846.
358
Calculate the remainder when 29886 is divided by 3.
0
What is the remainder when 1749 is divided by 7?
6
What is the remainder when 73305 is divided by 632?
625
Calculate the remainder when 5846 is divided by 134.
84
Calculate the remainder when 192651 is divided by 9.
6
What is the remainder when 1027879 is divided by 140?
139
Calculate the remainder when 5768 is divided by 2.
0
Calculate the remainder when 45758 is divided by 55.
53
What is the remainder when 918033 is divided by 306008?
9
What is the remainder when 23032 is divided by 59?
22
Calculate the remainder when 1224 is divided by 692.
532
What is the remainder when 30423 is divided by 18?
3
Calculate the remainder when 407549 is divided by 30.
29
What is the remainder when 1020 is divided by 275?
195
Calculate the remainder when 6123 is divided by 205.
178
What is the remainder when 146637 is divided by 12?
9
Calculate the remainder when 5479 is divided by 276.
235
Calculate the remainder when 11614 is divided by 363.
361
Calculate the remainder when 197672 is divided by 993.
65
Calculate the remainder when 148884 is divided by 264.
252
Calculate the remainder when 89324 is divided by 480.
44
Calculate the remainder when 136935 is divided by 49.
29
What is the remainder when 23463 is divided by 533?
11
What is the remainder when 71287 is divided by 265?
2
What is the remainder when 2113 is divided by 552?
457
What is the remainder when 278224 is divided by 139102?
20
Calculate the remainder when 382691 is divided by 15.
11
What is the remainder when 152671 is divided by 46?
43
What is the remainder when 10878 is divided by 3497?
387
Calculate the remainder when 37490 is divided by 634.
84
What is the remainder when 13998 is divided by 103?
93
Calculate the remainder when 26688 is divided by 588.
228
What is the remainder when 7458 is divided by 7458?
0
What is the remainder when 2963271 is divided by 49?
45
What is the remainder when 53899 is divided by 453?
445
What is the remainder when 247677 is divided by 82497?
186
Calculate the remainder when 130 is divided by 52.
26
What is the remainder when 117640 is divided by 69?
64
Calculate the remainder when 6105 is divided by 47.
42
What is the remainder when 1027 is divided by 246?
43
Calculate the remainder when 51665 is divided by 323.
308
What is the remainder when 826 is divided by 238?
112
Calculate the remainder when 30884 is divided by 87.
86
What is the remainder when 439749 is divided by 876?
873
Calculate the remainder when 5363 is divided by 333.
35
What is the remainder when 3993 is divided by 212?
177
Calculate the remainder when 242815 is divided by 213.
208
Calculate the remainder when 269961 is divided by 1588.
1
Calculate the remainder when 9190 is divided by 15.
10
Calculate the remainder when